9 and s.
21
Let f be 10/(3/(-4 - -13)). Suppose 0 = 2*h - 82 - f. Calculate the highest common divisor of h and 140.
28
Suppose 59*a = 55*a + 2376. Suppose 0 = -6*r + a + 966. Calculate the highest common divisor of 10 and r.
10
Let s = 6164 + -6150. Calculate the highest common divisor of 358 and s.
2
Suppose -4587 = -22*q + 2519. Calculate the highest common factor of q and 408.
17
Let u be (1 + -3)*-2*3/(-4). Let k be u/(63/(-30))*7. Let t = 49 - k. What is the highest common factor of t and 351?
39
Let k be ((-5340)/8)/(9/60*(-105)/42). What is the greatest common divisor of 40 and k?
20
Suppose -97082 = -3*j - w, -129438 = -8*j + 4*j + w. Calculate the highest common factor of 40 and j.
40
Let z(u) = 5*u + 2260. Let o be z(-114). What is the highest common factor of 110 and o?
10
Suppose 0 = -0*l + l - 6. Let y(q) = -890*q. Let a be y(-1). Let n be 17/(-51) + a/l. What is the highest common divisor of 37 and n?
37
Suppose 0*y = -2*y + 2*u - 28, 4*y = -4*u - 24. Let z = y + 4. Let h(o) = o**2 - o - 27. Let l be h(z). Calculate the greatest common factor of l and 120.
15
Suppose -8 + 113 = 7*d. Let j(b) = -b**2 + 10*b + 11. Let n be j(9). Let u = -17 + n. Calculate the highest common divisor of u and d.
3
Let a(k) = -252*k + 102. Let p be a(-3). Calculate the highest common divisor of 52 and p.
26
Let h = -37 - -46. Suppose -v = 7*i - 3*i - 20, v - 8 = -2*i. What is the greatest common divisor of i and h?
3
Let h(z) = -9*z + 58. Let m be h(13). Let d = 7 + m. Let j = d - -76. What is the highest common factor of j and 12?
12
Suppose 31227 = 2*k - 5*n + 10099, 3*k = 4*n + 31692. What is the highest common factor of 304 and k?
76
Let y = 20 - 20. Suppose n + 2*p - 2 = y, 4*n + p - 63 = -20. Suppose 108 = 3*x - 2*x. What is the greatest common factor of x and n?
12
Let n(p) = 16*p**2 - 7*p - 19. Let c be n(-7). Suppose -18*s + c - 94 = 0. What is the greatest common divisor of 12 and s?
4
Suppose q + 500 = 2*w, -4*w + 2*w + 4*q = -488. Let m(f) = 4*f - 44. Let g = 28 + -8. Let c be m(g). Calculate the greatest common factor of c and w.
36
Let w be -1 + 3*((-1127)/21)/(-1). What is the highest common divisor of w and 1504?
32
Suppose 5*q = 4*d + 268 + 493, 0 = q - 5*d - 148. Let k = q - 139. What is the greatest common factor of k and 70?
14
Suppose 0 = -16*w - 13 - 35. Let g(c) = -2*c**3 + c**2 + 3*c - 7. Let x be g(w). Let q = 19 + x. Calculate the greatest common divisor of q and 165.
33
Suppose 0 = 10*z - 7*z + 72. Let q = z - -72. Let u = 143 - 131. Calculate the greatest common factor of q and u.
12
Suppose 11*o - 8*o - 6 = 0. Let g(d) = 62*d - 54*d - o*d**2 + 1 + 3*d**2. Let i be g(-17). What is the greatest common factor of 14 and i?
14
Let s be ((-6)/15)/(2*1/(-40)). Suppose 0 = -s*f + 11*f - 99. Let w = f + -27. Calculate the greatest common factor of w and 2.
2
Let n = -18225 + 26673. Calculate the highest common divisor of n and 792.
264
Let i be ((-3400)/(-125))/((-4)/(-10)). Calculate the greatest common divisor of 3604 and i.
68
Let t be 192 + -100 + -2 + 22. What is the highest common factor of t and 1932?
28
Suppose -23*z = -22*z + 9. Let f = z - -26. Let l be 0 + 3/(3/85). Calculate the greatest common divisor of l and f.
17
Let v = -2334 - -2346. Let c = 4 - 0. What is the greatest common factor of c and v?
4
Let h be 14/77 - 320/(-55). Let x be (-5 + 16/h)*(-3 - 0). Calculate the greatest common factor of 7 and x.
7
Suppose -3*n - 1512 = -15*n. Let k = 926 - n. Suppose -5*d + k = 11*d. Calculate the greatest common divisor of d and 125.
25
Let s be 1/(-3) + 1189/3. Let p(a) = -a**3 - 5*a**2 + 30*a + 72. Let z be p(-8). Calculate the greatest common divisor of z and s.
12
Suppose 5*d - 328 + 258 = 0. Suppose -116 = -6*i - d. Calculate the highest common divisor of i and 17.
17
Let a be -73 + 65 + 2 + 9 + -2. Calculate the highest common factor of 47 and a.
1
Let d be 5*(37/(-5) + 7). Let l be (32/12)/(d/(-24)). Let p be 1/(-2) - (-1539)/6. Calculate the greatest common factor of l and p.
32
Suppose -12*q - 3*g + 64014 = 0, -9*q - 4*g = -5*q - 21320. Calculate the greatest common divisor of q and 40.
8
Suppose 0 = 3*s - 7*s + 400. Let h(z) = 6*z**3 - 205*z**2 + 22*z + 428. Let q be h(34). What is the greatest common factor of q and s?
20
Let n be (103/((-5768)/(-48)))/(3/364). Let l(g) = -g**2 - 5*g + 3. Let b be l(-5). Let r = b - -5. Calculate the highest common factor of n and r.
8
Suppose -96*p + 13634 = -20926. What is the greatest common divisor of p and 450?
90
Let c = -1925 + 1979. What is the highest common divisor of c and 78?
6
Suppose 42*o = 51*o + 45. Let j(r) = -9*r**3 - 10*r - 31. Let s be j(o). What is the highest common divisor of s and 88?
88
Let d = 6 + -3. Let i(m) = m**2 - 8*m + 4. Let c be i(8). Suppose -2*g - d*k = -g - 10, -5*k = -c*g - 11. Calculate the highest common factor of 5 and g.
1
Suppose -325 = -2*b - r, -137*b + 3*r + 785 = -132*b. Calculate the highest common factor of b and 490.
10
Suppose -5*l + 2*f = -1491, 24*l - 27*l - 2*f = -901. Let r(i) = -i**3 - 14*i**2 - 2*i - 15. Let j be r(-14). Calculate the greatest common divisor of j and l.
13
Suppose 0 = -40*z + 38*z + 1420. Suppose z = 19*n - 962. What is the greatest common divisor of n and 48?
8
Let o be (-4)/(-6) - (-430)/3. Let s be (3 + -6)*(2 - (6 - (10 + -9))). What is the greatest common divisor of o and s?
9
Let z be (-6)/(-10) - (-6403)/95. Calculate the highest common divisor of 425 and z.
17
Let x(f) = 63*f**2 - 91*f - 14. Let v be x(-10). What is the highest common divisor of v and 28?
28
Suppose -4*b + 4*n = 1204, -n + 2095 - 574 = -5*b. Let p = 310 + b. What is the greatest common factor of p and 80?
5
Let m = 6 - -3. Let a be 10/(-25) - (-3 + 2768/(-20)). Let x = a + -42. Calculate the greatest common factor of x and m.
9
Suppose p + 15*d = 13*d + 15, 5*d + 36 = p. Let u(m) = -12*m - 12. Let c be u(-15). Calculate the greatest common factor of c and p.
21
Let p be 2*(-544)/(-28) - (-6)/105*-15. Calculate the greatest common divisor of 13034 and p.
38
Let v(c) = -5*c**2 + 7*c + 22. Let i be v(2). What is the greatest common factor of 17456 and i?
16
Let j(b) = 2*b**2 + 381*b - 12059. Let o be j(29). What is the highest common factor of 392 and o?
56
Let d be (111/(-12))/(2/(-8)). Let g = 1523190 + -1523005. What is the highest common divisor of g and d?
37
Suppose 11*i + 23*i - 4050 = -191*i. Calculate the highest common divisor of 122 and i.
2
Let l(h) = -79*h**2 + 570*h - 14. Let f be l(7). Calculate the greatest common factor of f and 7035.
105
Let y = 26966 + -26877. Calculate the highest common factor of y and 1513.
89
Let t = 620 + -243. Let d = -252 + t. Calculate the highest common factor of d and 75.
25
Let k(v) be the first derivative of 55*v**4/4 + v**3 - 2*v - 31. Let d be k(1). Calculate the highest common factor of 196 and d.
28
Suppose -5*x + 5718 = 4*c - 24108, 53718 = 9*x + 2*c. Calculate the greatest common divisor of 330 and x.
30
Suppose -77*z = -209*z - 78*z + 73710. What is the greatest common divisor of 377 and z?
13
Let t(b) = -b**3 - 8*b**2 + 25*b + 23. Let y be t(-12). Calculate the greatest common divisor of y and 52.
13
Let k be 6/(-39) + (-4 - (-221985)/65). What is the greatest common divisor of 18 and k?
9
Suppose 0 = 5*a + 20, -647*a - 16832 = -3*w - 651*a. Calculate the highest common factor of w and 1560.
312
Suppose 3*c = 292*n - 291*n + 2020, -3*c = 4*n - 2045. What is the highest common factor of 5805 and c?
135
Suppose 18*a - 12*a - 84 = 0. Suppose 2*n - 68 = 4*d, -9*d + a*d = 10. What is the highest common factor of n and 342?
38
Let n = -261 - -266. Suppose -2*m - h + 2 + 6 = 0, 4*h = n*m - 33. Calculate the greatest common factor of m and 45.
5
Let v be 1*(-3 - 0) - -1069. Let u = -730 + v. Suppose 4*g + i = -3*i + u, g - 93 = -4*i. What is the greatest common divisor of 9 and g?
9
Let y be (-4)/((-24)/(-1098))*1. Let v = 258 + y. Calculate the highest common factor of v and 15.
15
Let s = -250 - -499. Let p = -135 + s. Calculate the greatest common factor of p and 6.
6
Let q be (16 - 1) + -10 - -135. Calculate the highest common factor of q and 100.
20
Let c = 3114 - 3097. Let s = 57 - 23. Let y be s/(-2)*(8 + -9). Calculate the highest common factor of c and y.
17
Let h = -41 - 